 + 900, 7*l = 2*l + 2*y + 1500. Let k = l - 114. List the prime factors of k.
2, 3, 31
List the prime factors of (1732/258 - (-76)/(-1634))*15594/8.
5, 23, 113
Let o(a) = a**2 - a - 6. Let i be o(-3). Suppose t - i = -t, -15 = 3*x - 5*t. Suppose -400 = -4*q - x*q. What are the prime factors of q?
2, 5
List the prime factors of ((-12)/32)/((-36)/48)*14352.
2, 3, 13, 23
Let q(s) be the second derivative of 43*s**3 + 47*s**2 - 4*s + 3. List the prime factors of q(4).
2, 563
Let t(f) = 13*f**3 - 4*f**2 + f + 2. Suppose -5*k + 2*a + 44 = -11, 2*a = k - 19. Let p be (9/(-6))/(k/(-12)). List the prime factors of t(p).
2, 23
Let a = -13981 - -24186. List the prime factors of a.
5, 13, 157
Let b(k) = 3*k - 4. Let h be b(-3). Let g(m) = 34*m - 148. Let x be g(6). Let z = h + x. List the prime factors of z.
43
What are the prime factors of 2 - (-4 - 311528/(-21)*-3)?
2, 5, 4451
Let h be (526/3 - -10) + 8/(-6). Suppose 156 + h = 4*f. List the prime factors of f.
5, 17
Let y(t) = 2*t**3 - 15*t**2 + 22*t - 65. Let v be y(4). Suppose 260 = -4*w + 4*z + 1128, -w - 2*z = -226. Let u = v + w. List the prime factors of u.
131
Suppose -4*d + 89 = 3*b + 20, 4*d - 45 = 5*b. Let i be (-5)/(d/(-4))*(-27)/(-6). List the prime factors of (2 + 0 - -1)*50/i.
5
Let m = 132 - 77. Let s = 57 - m. Suppose -3*a + 577 = z, -3*z = 2*a + s*a - 761. List the prime factors of a.
2, 97
Let h(t) = -t**2 - 5*t - 2. Let i be h(-4). Suppose -370*b = -374*b - 24, -5*b + 116 = c. Suppose i*z - 132 = c. What are the prime factors of z?
139
Let v = 5995 + -2441. List the prime factors of v.
2, 1777
Suppose -54 = -2*s - 220. Let b = 116 + s. Suppose b*m + 192 = 35*m. List the prime factors of m.
2, 3
Let v be 3*-1 + 30/(-50)*-10. Let l(z) = 3*z**3 - 2*z**2 - 10*z + 13. List the prime factors of l(v).
2, 23
Suppose -4*j = 653*b - 649*b - 36444, j = b + 9101. List the prime factors of j.
2, 29, 157
Let u(s) be the first derivative of s**3/3 - 3*s**2 - 12*s - 48. Let d be u(8). Suppose d*v - 751 = -3*k, 4*v + v + 5*k = 945. List the prime factors of v.
2, 23
Suppose 28*w - 47*w = 34*w - 220162. List the prime factors of w.
2, 31, 67
Let m = -721 - -1291. Suppose -3*x + 405 = 3*d, -3*x - x + 2*d + m = 0. What are the prime factors of x?
2, 5, 7
Let q = 165064 - 108211. List the prime factors of q.
3, 6317
Let g(b) = -37*b. Let i be g(0). Suppose -2*d = -i*y - 5*y - 1272, -3*d + 3*y + 1917 = 0. List the prime factors of d.
641
Let d = 15463 + 19028. List the prime factors of d.
3, 11497
Let h be 4/(-8) + (-531)/(-6). Let f = 44 + h. What are the prime factors of f?
2, 3, 11
Let d(i) = i - 4. Let y be d(7). Suppose y*v - 2 = -q + v, -v + 1 = 0. Suppose 4*m + 3*o - 20 = -q*m, 2*o - 8 = -2*m. List the prime factors of m.
2
Let v = 268 + -271. What are the prime factors of v - 530/4*(-8)/10?
103
What are the prime factors of (14022/287)/(6/2884)?
2, 3, 19, 103
Suppose 11 + 4 = 5*x + 3*m, x + 5*m = -19. What are the prime factors of 7 + 4830/x + -3?
809
Let g(x) be the third derivative of -53*x**4/24 + x**3/6 - 176*x**2. Suppose 0 = -5*p + 3*o - 10, 0*o + 30 = -3*p - 3*o. What are the prime factors of g(p)?
2, 7, 19
Let u(b) = -31*b - 34. Let n(o) = -5*o + 59. Let g be n(11). Suppose -m - 5 = 2*t, -g*m = 2*t + 5 - 15. What are the prime factors of u(t)?
11
Let o be (-12)/28 - (-5112)/(-28). Let u = o - -204. What are the prime factors of u?
3, 7
What are the prime factors of (15/9)/(4/(-10 + 10390))?
5, 173
Let g = 180 + 185. Let f = g + -351. What are the prime factors of f?
2, 7
Suppose 52698 = -56*d + 62*d. List the prime factors of d.
8783
Let n = 52 + -31. Suppose 0 = -8*s - n*s + 1015. What are the prime factors of s?
5, 7
Let a = 504 - 356. Suppose 2*i = -a + 32. Let f = i - -133. What are the prime factors of f?
3, 5
Suppose -4*d + 24755 = 2*w + 2843, 0 = 2*d - 5*w - 10932. What are the prime factors of d?
2, 37
Suppose -3*z + 27 = 4*x, 0*z + 4*z + 3*x = 29. Suppose -4*f - 16 = 0, -z*w = -f - 0*f + 36. List the prime factors of (14/w)/(5/(-260)).
7, 13
Let m(b) = 3*b**3 + 64*b**2 + 56*b + 284. What are the prime factors of m(-16)?
2, 13, 67
Let q(h) = 717*h**2 - 12*h + 1. Suppose 0 = -5*b + a + 4, 2 = -2*b + 5*a - 1. List the prime factors of q(b).
2, 353
Suppose 4*s = -4*u - s + 4344, 0 = -4*u + 2*s + 4316. Let x(k) = 2*k - 4*k**3 + u*k**2 - 1087*k**2 + 3*k**3. List the prime factors of x(-7).
5, 7
What are the prime factors of 18/4 + 304920/80?
2, 3, 53
Let b(s) be the second derivative of s**5/30 - s**3/3 - 23*s**2/2 + 30*s. Let d(j) be the first derivative of b(j). What are the prime factors of d(4)?
2, 3, 5
Let b(l) = 2*l - 10. Let r be b(5). Suppose -2*w + 5*w + 2*p + 2 = 0, 4*w + 3*p + 4 = r. Suppose -199 = -w*d + 33. List the prime factors of d.
2, 29
Suppose -h - 72935 = -3*n, -225*h = 3*n - 227*h - 72940. List the prime factors of n.
2, 5, 11, 13, 17
Let u be ((-1538)/(-4))/(9 - (-171)/(-18)). Let n = u - -1038. What are the prime factors of n?
269
Suppose 0 = r - 1 - 4. Suppose -3*d = 6, r*d + 26 = h + 3*h. Suppose -5*v + 113 = -h*k, k + k + 4 = 0. What are the prime factors of v?
3, 7
Let v = 4358 - 2446. List the prime factors of v.
2, 239
Let y(i) = 64*i + 27. Let w(p) = p**3 + 5*p**2 + 2*p - 5. Let f be w(-4). List the prime factors of y(f).
3, 73
Suppose 0 = y - 5*i + 31, -4*y - 9*i + 12*i = 39. What are the prime factors of (y/40*-5)/((-2)/(-2896))?
2, 3, 181
Let w(v) = v**2 + 4*v + 2. Let u be w(-20). What are the prime factors of u/9 - 10/(-45)?
2, 3
Let b(g) = 2*g**2 + 6*g + 30. Let i(a) = 4*a**2 + 16*a**3 + 19*a**3 + 22 - 4*a + 4*a**2 - 36*a**3. Let y be i(8). List the prime factors of b(y).
2, 5, 17
Suppose -3*o - 195 = 2*o. Suppose 3 - 30 = 3*n. Let x = n - o. List the prime factors of x.
2, 3, 5
Suppose -q = -0*q + 3*q. Let k be q/2 + (-2 - 10). Let j(o) = -o**3 - 13*o**2 - 13*o + 3. List the prime factors of j(k).
3, 5
Suppose 0 = -3*b + 3*t - 330, -3*b - 6*t = -3*t + 342. Suppose 0*y = -2*z + y - 85, -4*y + 164 = -4*z. Let c = z - b. What are the prime factors of c?
2, 17
Let z(g) = -5*g**3 - 3*g**2 + g - 1. Let r be (5/(-25))/(1/(-10)). Let v be z(r). List the prime factors of (0 + -1)*(-2 + v).
53
Let s be 91/39 - 4/(-6). Suppose -x = -4*x - 6, -3*v - s*x = -1263. Suppose 5*j + v = 8*j. List the prime factors of j.
3, 47
Let j = 469 + -337. What are the prime factors of j?
2, 3, 11
Let g = -17 + 20. Let d(a) = 105 + a + 101 - 205 + 0*a**2 + a**2. List the prime factors of d(g).
13
Let u(z) = -490*z**3 - 13*z**2 - 5*z + 7. Let o(x) = 491*x**3 + 11*x**2 + 4*x - 6. Let q(p) = -6*o(p) - 5*u(p). What are the prime factors of q(-1)?
3, 5, 11
Let j = 595 - -7152. List the prime factors of j.
61, 127
Let i be (2 - (-32)/12) + 4/(-6). Suppose 4*a + 4 = i*u, 5*u - 3 = u + 5*a. List the prime factors of u + -1 + -1 - -27.
3
Let q(p) = 7759*p - 151. List the prime factors of q(1).
2, 3, 317
Let b(o) = o**3 + o**2 - 4*o + 3. Let s be b(1). Let k(j) = 222*j**2 - 6*j + 6. What are the prime factors of k(s)?
2, 3, 37
Suppose 0 = 4*v + 2*j - 4*j - 2786, 0 = 4*v + j - 2771. Suppose 0 = -s + q + 449, -q - 206 - v = -2*s. What are the prime factors of s?
11, 41
Suppose 23899 = r + 2*w, 3*r - 50*w = -55*w + 71694. List the prime factors of r.
23893
Let q be (-3)/(-1) - (4 - 3). Suppose 12 + 0 = -3*a, 0 = -q*w + 4*a + 20. What are the prime factors of w - ((-2)/(-8) - (-234)/(-8))?
31
What are the prime factors of (549/(-27))/((-1393)/(-3495) + 2/(-5))?
61, 233
Let g = 135 + 52. Suppose -g*o + 14064 = -175*o. What are the prime factors of o?
2, 293
Suppose -m + d = 6758, 0 = -4*m - 4*d + 13370 - 40410. List the prime factors of (-8)/(-56) - (-4 - m/(-21)).
2, 163
Suppose 31 = -t + 151. Let v be t/4*55/15. Suppose -3*l + 100 = -v. List the prime factors of l.
2, 5, 7
Let t(r) = r**2 - 12*r + 13. Let c be (1/(-2))/(3/(-66)). Let f be t(c). What are the prime factors of -3 + f + (0 - -49)?
2, 3
List the prime factors of ((-5112)/63 + 4/28)*-103.
3, 103
Let q(x) = -39*x - 16. Let k be q(7). Let h = k - -641. List the prime factors of h.
2, 11
Suppose p + 24 = 3*s, -7 = -4*s - 4*p + 9. Let q(i) = -7*i + 56. Let j be q(s). Suppose 5*h + 6*b - j*b = 1230, -h = -4*b - 265. List the prime factors of h.
5, 7
Suppose 4*t + 6*g - 5*g - 17401 = 0, -3*t = 2*g - 13052. What are the prime factors 